ue
Is 77782993 composite?
False
Is 6166050531 a composite number?
True
Is 8198754479 composite?
True
Is 1703478781 a prime number?
False
Is 4743087491 a composite number?
False
Is 72323291449 a prime number?
True
Is 300027821 prime?
True
Is 90781541 a composite number?
False
Is 288452523 a prime number?
False
Is 5945573693 prime?
False
Is 8449590403 prime?
True
Is 48677606697 composite?
True
Is 228246461 composite?
True
Is 281036255 prime?
False
Is 1905172511 a composite number?
True
Is 7792063117 prime?
False
Is 9736661353 a composite number?
False
Is 7643145493 a prime number?
False
Is 101251877 prime?
True
Is 35201508085 a composite number?
True
Is 18548501093 composite?
True
Is 6185038507 a composite number?
False
Is 1986272879 a prime number?
True
Is 6576936385 prime?
False
Is 17717106337 a prime number?
False
Is 6147370083 composite?
True
Is 2774381417 composite?
True
Is 79442483039 a composite number?
False
Is 12050986393 composite?
True
Is 9139982573 composite?
False
Is 5940997333 a prime number?
False
Is 11320619201 a composite number?
True
Is 65055744553 prime?
True
Is 135129170147 prime?
True
Is 189751867 a prime number?
True
Is 3726938029 a composite number?
False
Is 6951009037 a composite number?
True
Is 94404120035 prime?
False
Is 209166359 a prime number?
False
Is 194479729 prime?
True
Is 21424029713 a composite number?
True
Is 1042105591 composite?
False
Is 147335233 a composite number?
False
Is 1545025813 a prime number?
True
Is 16219205471 composite?
True
Is 1479353591 prime?
True
Is 1296736503 a composite number?
True
Is 1600902035 a prime number?
False
Is 782489561 a prime number?
False
Is 57094364233 a composite number?
False
Is 308314099 composite?
False
Is 97440074483 composite?
True
Is 16515961733 a prime number?
True
Is 575160247 composite?
False
Is 1710889889 a prime number?
True
Is 3625912077 a prime number?
False
Is 26299379 a composite number?
False
Is 331429151 prime?
True
Is 46529764849 a composite number?
True
Is 48429611 a composite number?
True
Is 35635409879 prime?
True
Is 1822424333 prime?
False
Is 161032207 a composite number?
True
Is 46508221 a prime number?
True
Is 8616141173 a composite number?
True
Is 3924431369 a prime number?
False
Is 171548263 prime?
False
Is 843192943 composite?
True
Is 2248027711 composite?
False
Is 12868957477 a prime number?
True
Is 2010907 a prime number?
False
Is 1223271677 a composite number?
True
Is 892204435 prime?
False
Is 3810978403 prime?
True
Is 11911671527 prime?
False
Is 16074177503 a prime number?
False
Is 24221009881 prime?
True
Is 1356484897 a composite number?
False
Is 23738453407 a composite number?
True
Is 714951047 prime?
False
Is 13999214863 composite?
True
Is 96348201167 a composite number?
False
Is 1225157963 a composite number?
True
Is 5457015277 a prime number?
False
Is 1786021 a composite number?
False
Is 8428133251 composite?
False
Is 301422973 prime?
False
Is 12323367239 a prime number?
False
Is 630187196813 a prime number?
True
Is 8997883117 prime?
False
Is 1323282049 a prime number?
True
Is 77462549 a composite number?
True
Is 223245089 a prime number?
True
Is 415880561 prime?
False
Is 411727627 a prime number?
True
Is 402922391 a prime number?
False
Is 3653216323 prime?
False
Is 12785465249 composite?
False
Is 1298328937 prime?
False
Is 17686407155 prime?
False
Is 1535414431 prime?
True
Is 12118536835 prime?
False
Is 53705494561 prime?
False
Is 3279901931 prime?
False
Is 3047084409 a composite number?
True
Is 25109916679 composite?
False
Is 10520055407 a composite number?
False
Is 593429 composite?
False
Is 151057943 prime?
True
Is 55463275601 a prime number?
False
Is 5601633193 composite?
True
Is 9578938493 composite?
True
Is 1341617041 a prime number?
True
Is 3423194659 composite?
True
Is 431499713 a prime number?
True
Is 3802967543 a composite number?
True
Is 443403017 composite?
False
Is 2160163573 composite?
True
Is 59417720381 composite?
True
Is 21275248741 prime?
True
Is 2318228971 a prime number?
False
Is 32787777674 a prime number?
False
Is 9593907277 prime?
True
Is 217261437 prime?
False
Is 572141243 a composite number?
True
Is 102984602953 composite?
True
Is 7589165239 prime?
True
Is 6148293707 a composite number?
False
Is 227960539 a prime number?
False
Is 4198131631 prime?
False
Is 976432019 a prime number?
True
Is 10131763 a composite number?
False
Is 983625737 prime?
True
Is 821431616435 composite?
True
Is 18408584599 a composite number?
False
Is 10134345673 a prime number?
False
Is 41009372543 composite?
False
Is 1482858679 a composite number?
False
Is 620949701 a prime number?
False
Is 101736546601 composite?
False
Is 9269750921 composite?
True
Is 19870584809 a composite number?
True
Is 77239587101 prime?
False
Is 1861558201 prime?
True
Is 508988681 composite?
False
Is 1270486597 prime?
True
Is 6466766143 composite?
True
Is 2725153881 a prime number?
False
Is 18351989 prime?
True
Is 44601961381 a composite number?
False
Is 7463317613 a prime number?
True
Is 105010877 composite?
False
Is 46352025539 composite?
True
Is 23308157 a prime number?
True
Is 353365963 prime?
False
Is 1609444931 a composite number?
False
Is 36245030039 prime?
True
Is 1533502783 composite?
False
Is 28608111797 a prime number?
True
Is 56330958955 a composite number?
True
Is 8207094013 a prime number?
True
Is 15496751923 prime?
False
Is 477124217 a composite number?
False
Is 7025190491 composite?
True
Is 245942173 a prime number?
True
Is 805863095 composite?
True
Is 6542481083 a composite number?
False
Is 49996646123 prime?
True
Is 146482949 prime?
True
Is 4286423167 a prime number?
False
Is 84177298837 prime?
True
Is 16959801473 a prime number?
True
Is 622563094 composite?
True
Is 20942287031 composite?
False
Is 4167919843 a composite number?
False
Is 12309055502 prime?
False
Is 177884093 composite?
True
Is 2811261587 prime?
False
Is 33803534 a composite number?
True
Is 2577744131 composite?
True
Is 37980323431 prime?
True
Is 23365527238 composite?
True
Is 2409697231 a prime number?
True
Is 5811212987 a prime number?
True
Is 1512758155 prime?
False
Is 12228187271 a prime number?
False
Is 8170838201 a prime number?
False
Is 3620075159 prime?
True
Is 1178355767 prime?
True
Is 166357099 a prime number?
True
Is 19445502607 a composite number?
False
Is 510845539 a composite number?
True
Is 5037101149 a prime number?
True
Is 659337709 prime?
True
Is 724010101 a prime number?
True
Is 21716132485 composite?
True
Is 5132241691 a composite number?
False
Is 25124973369 prime?
False
Is 2774067869 a composite number?
True
Is 4181998681 a prime number?
False
Is 1319576063 a composite number?
True
Is 64529081 a prime number?
False
Is 65461373503 a composite number?
True
Is 572185793 a prime number?
True
Is 626265701 prime?
False
Is 10909307443 a composite number?
False
Is 61706935981 a composite number?
False
Is 96596367203 a composite number?
True
Is 4580537243 a prime number?
False
Is 28255960591 prime?
True
Is 24513747877 a composite number?
False
Is 11166847721 composite?
True
Is 30947261 a composite number?
False
Is 264596684993 a prime number?
False
Is 1499507591 a prime number?
False
Is 515088929 prime?
True
Is 17050936697 a prime number?
True
Is 34835371678 prime?
False
Is 4317770029 a composite number?
False
Is 37750859437 a prime number?
True
Is 409255823 a prime number?
True
Is 398785459 composite?
True
Is 9214162637 a prime number?
False
Is 291812811383 composite?
False
Is 10099281359 composite?
False
Is 8115732707 composite?
False
Is 22183537223 prime?
False
Is 988609247 composite?
False
Is 16997266642 prime?
False
Is 1434326107 prime?
True
Is 240650681 prime?
False
Is 65435226851 a prime number?
True
Is 8385435871 a composite number?
False
Is 504713431 a composite number?
False
Is 14239117513 prime?
True
Is 290586077 composite?
False
Is 104367226739 composite?
False
Is 1900704574 composite?
True
Is 1176297321 composite?
True
Is 3568043047 composite?
False
Is 15496579034 a prime number?
False
Is 287991719 prime?
True
Is 22686876343 a composite number?
False
Is 444080659 prime?
False
Is 1263964613 prime?
False
Is 38319343463 a composite number?
False
Is 2981835769 a composite number?
True
Is 5645924483 a prime number?
False
Is 2171006323 prime?
False
Is 2051076